 f(z) = 2*z**2 - z - 1. Let s(a) = -4*a**2 + 2*a + 1. Let r(g) = -5*f(g) - 3*s(g). What is r(y)?
8
Let l = 21 - 33. Let y = 8 + l. Let t = y - 0. Let d(g) = -g - 2. Calculate d(t).
2
Let q(k) be the second derivative of -k**8/960 + k**7/2520 + k**6/720 - k**5/120 + 13*k**4/6 - 30*k. Let d(p) be the third derivative of q(p). Give d(1).
-6
Let d(i) be the third derivative of -i**4/6 + i**3/3 - i**2. Let g(t) = -8*t**2 + 2*t**3 - 6*t**3 - t - 10 + 3*t**3 + 0. Let x be g(-8). Determine d(x).
10
Let f(y) = 3*y**3 - 2*y**3 - 2 + y - 5*y**2 + 2*y. Let s be 2790/651 + (-3)/((-21)/(-2)). What is f(s)?
-6
Let c be (40/(-16))/((-1)/2). Let s(d) = 2*d**2 - 7*d + 7. Give s(c).
22
Let y(g) = -g**2 - g + 2. Suppose 5*i = 3*s + 25, 2*s - s + 5*i = 25. Calculate y(s).
2
Let v(k) = 2*k**3 + 2*k**2 + 2*k + 1. Let j be (4/(-20))/1 - 243/(-15). Suppose -5*z + z - 68 = 0. Let s = j + z. Calculate v(s).
-1
Let i(s) be the second derivative of 2/3*s**3 + 7/2*s**2 + 6*s + 0. Let a = -12 + 7. Give i(a).
-13
Let y(m) = -2*m - 7. Let p(r) = -12*r + 6*r + 3*r - 1 + 4*r. Let o be p(-5). What is y(o)?
5
Let n(o) = -824*o + 1 + 824*o - 41*o**2. Give n(-1).
-40
Let h(c) = c**3 + c**2 - 16. Suppose -9*o + 6*o - 5*g - 10 = 0, o = 3*g + 6. Calculate h(o).
-16
Let f(g) = -g**2 + 8*g - 17. Let w(m) = -m**2 + 4*m + 6. Let p be w(0). Determine f(p).
-5
Suppose -104*i + 300 = -4*i. Let v(a) = -a**2 - 6*a + 10. Let h be v(-7). Let n(s) = 2*s**2 - s**3 - 3*s**2 - 3 - h*s + 5*s**2. What is n(i)?
-3
Let h = 6 + -7. Let c(b) = b**2. Let v(o) = -4*o + 16 - 3*o**2 - 55 + 14 + 20. Let i(d) = h*v(d) - 4*c(d). Calculate i(4).
5
Let j(u) = 0*u - 7*u - 17 - 8*u - 11*u + 24*u. Calculate j(-11).
5
Let x(t) = -t + 3. Let d(m) = 1. Let q(i) = -i**2 + i + 4. Let s be q(-2). Let r be 1/(s/(-4) - 1). Let o(g) = r*d(g) + x(g). Determine o(0).
1
Suppose 4*i + 6*l = 5*l - 35, i + 5 = -l. Let w(a) = -a**3 - 11*a**2 - 11*a - 12. Determine w(i).
-2
Let a(l) = 2*l + 1 + 2 + 4. Let i be (3/(9/(-20)))/((-16)/24). Suppose -19 - 41 = i*c. Determine a(c).
-5
Let y(h) = -h - 2. Suppose 0 = -6*q - 9 - 9. Let x(b) = b + 3. Let l(w) = q*x(w) - 4*y(w). Calculate l(6).
5
Let b = -6 - -1. Let q(t) = 4*t**3 + 3*t**2 - 12*t - 1. Let w(i) = -3*i**3 - 4*i**2 + 11*i + 2. Let z(r) = b*w(r) - 4*q(r). Give z(7).
-6
Let o(m) = m**2 + 6*m - 5. Let w = 995 - 1003. Determine o(w).
11
Let y(n) = -5*n**3 + 10*n**3 + 73 - 92 - 4*n**3. Calculate y(0).
-19
Let m(i) = -i**2 + 2*i - 2. Let u be 6 + (-6)/3*-1. Let y = 14 - u. Suppose 2 = 7*b - y*b. Determine m(b).
-2
Let x be (2/4)/((-2)/(-16)). Suppose o + x = -4*b - 24, 5*b - 2*o + 35 = 0. Let n(h) = h**2 + 5*h - 7. Determine n(b).
7
Let x(o) = -2*o - 37. Suppose 2*g + 17 = -19. Let s be x(g). Let p(j) = -17*j**2 - j - 1. What is p(s)?
-17
Suppose -3*k - b + 8 = 0, -24 = -4*k + 4*b + 8. Suppose 5 = 3*n + 5*g, -2*g - 9 = -4*n + 15. Let x(v) = 4*v**2 - v - 1 - n*v**2 + 4 + 1. What is x(k)?
-16
Let g(i) be the second derivative of -i**6/360 + i**5/20 - 5*i**4/24 + 3*i**3/2 + i. Let v(z) be the second derivative of g(z). Let u = 2 + 2. Give v(u).
3
Suppose 24*f = -27 - 117. Let j(u) = -u**3 - 6*u**2 - 1. Give j(f).
-1
Let b(y) = -y. Let i(r) = 3*r - 10. Let x(a) = -2*a**3 + a. Let v be x(-1). Let l = v + -2. Let q(z) = l*i(z) - 2*b(z). Determine q(0).
10
Suppose 2*c - 11 = -3*o, c + 3 = -2. Let t(p) = 4*p**3 + 13*p**2 - 13*p + 19. Let b(u) = 5*u**3 + 14*u**2 - 14*u + 21. Let x(l) = -5*b(l) + 6*t(l). Give x(o).
2
Let q(o) = -210 - 2*o**2 + 4*o**2 + o - 7*o**2 + 211. Determine q(-1).
-5
Let u(v) be the third derivative of 0 - 2*v**2 + 1/12*v**4 + 13*v - 1/3*v**3. What is u(-2)?
-6
Let t(q) = -3*q**2 + q**2 + 3*q**2 - 1. Suppose -333*d + 286*d + 188 = 0. Determine t(d).
15
Let g(f) = -26*f + 27*f + 25 - 5*f. What is g(10)?
-15
Let p(l) = 28*l**3 - 3*l - 3. Let f(h) = 13*h**2 - 209*h + 15. Let i be f(16). What is p(i)?
-28
Let m(g) = 65*g**2 - 12*g. Let c(b) = 76*b**2 - 13*b - 1. Let a(t) = -6*c(t) + 7*m(t). Let i(x) = 5*x**3 + x. Let k be i(-1). Give a(k).
6
Let w = -91 + 89. Let c(h) = -14*h - 2. Let r(q) = 13*q + 2. Let l(a) = 3*c(a) + 4*r(a). Give l(w).
-18
Let w(d) = d + 4. Let o be (-6)/(-4)*6/(-3). Let z be w(o). Let j(k) = -5*k + 3*k + z + 4*k**3 - 3*k**3 + 0*k. What is j(-2)?
-3
Let r(p) = 4 - 3 + 1619*p - 1616*p - 6*p**3 + 2*p**2. Let o be r(-1). Let n(d) = -d**2 + 5*d - 2. Give n(o).
-8
Suppose 4*i + 16 = 0, -2*x + 1 + 11 = -4*i. Let u = x - -7. Let w(s) = -3*s + 2*s + 0*s. Determine w(u).
-5
Let d = 16 + -15. Let f be d*(-1 + 0) - 1. Let g be (f - 4)*(-1)/(-3). Let p(a) = 8*a + 2. Give p(g).
-14
Let y(v) = 0*v**3 - 3*v**2 - v**3 + 165*v - 167*v - 1. Determine y(-3).
5
Let y(r) be the third derivative of -r**6/120 + r**5/30 - r**4/8 - r**3/3 - 184*r**2 - 2. Calculate y(3).
-20
Suppose -l + 5 = 3*k - 4, 4*k = -2*l + 12. Let p = 3 + l. Let d(n) = 15 - n + 18 - 86 + 12 + 37. Calculate d(p).
-7
Let i(k) = 3*k**3 + k**2 - 2*k - 6. Let o(b) = -4*b**3 + b**2 + 3*b + 7. Let p(w) = 3*i(w) + 2*o(w). Calculate p(-5).
-4
Let p = -21 - -19. Let l be (2 - 3)/(p + 150/72). Let q(v) = -v**2 - 13*v - 12. What is q(l)?
0
Let n(g) = -g**3 - 4*g**2 + 5*g - 6. Suppose v - f = 4*f + 24, -4*f - 20 = 0. Let h be (v - 0)/((-6)/(-30)). What is n(h)?
-6
Let u(b) = -b**3 + 8*b**2 - b + 15. Let l = 15 + -13. Let x(t) = 0*t**3 + 11 + 3 - t**3 + 8*t**l + 3*t - 4*t. Let y(k) = -3*u(k) + 4*x(k). Give y(8).
3
Let y(d) = -d**2 + 22*d - 36. Let w be y(18). Suppose -17*f = -8*f + w. Let j(q) be the first derivative of -q**3/3 - 5*q**2/2 + q + 2. Calculate j(f).
5
Let d(n) = -9*n - 53. Let y be d(-6). Let z(p) = -2*p**3 - p**2 + p - 7 + 3 + 3. Give z(y).
-3
Let a(d) = 3*d + 51. Suppose -33*p - 60 = -29*p - 4*o, 5*o + 15 = -p. Calculate a(p).
6
Let g(t) = 3*t + 1. Let n(u) = -11*u - 3. Let k be (14/4)/((-3)/6). Let s(w) = k*g(w) - 2*n(w). Give s(5).
4
Let x(r) = -2*r**2 + 4. Let d be ((-372)/28 - -16) + (-4)/(-14). What is x(d)?
-14
Suppose -48 = -k + 5*k. Let s be (-63)/k + (-1)/4. Let a(c) = -3*c - 8. Let i(f) = f + 3. Let t(g) = -3*a(g) - 8*i(g). What is t(s)?
5
Let c(u) = -2*u - 2. Let s(l) = -3*l - 1. Let p be (-9)/15 + (-94)/10. Let g be (-1)/3 - p/3. Let m(r) = g*s(r) - 4*c(r). What is m(4)?
1
Let r(h) be the third derivative of 3*h**2 + 0*h - 6 + 7/6*h**3 + 1/12*h**4. What is r(-5)?
-3
Let z(o) = 5 + 3*o - 2*o - 4 - o**3. Let d be z(-1). Let m(l) = 3*l**2 + 8*l - 7. Let n(p) = 3*p**2 + 7*p - 6. Let t(u) = -5*m(u) + 6*n(u). Give t(d).
4
Suppose 6*z - 30 = 18. Suppose 0*h + 44 = 2*u - h, 0 = -3*h. Suppose -z = -2*c + c - i, -4*i = 2*c - u. Let g(o) = o**2 - 4*o. Calculate g(c).
5
Let l(m) = -118*m**3 - 1 - 3*m**2 - 124*m**3 + 2*m**2 + 237*m**3 - 2*m. Let j = -1 + 0. Give l(j).
5
Let d(h) = 3*h**2 - 8*h + 15. Let j be d(3). Let p(n) = -n**2 + 17*n + 19. Determine p(j).
1
Let w(f) be the third derivative of -f**5/20 + 13*f**3/6 + 6*f**2. Let h(d) = 2*d**2 - 9. Let g(r) = -7*h(r) - 5*w(r). What is g(2)?
2
Let b = -49 - -74. Let y be ((-20)/b)/(2/(-5)). Let z(t) = 2*t + y - 3*t + 0. Determine z(4).
-2
Let m(l) = -8*l + 40. Let y be m(5). Let c(q) = q**3 + q**2 + 2*q + 3. Determine c(y).
3
Let a(h) = -h + 6. Let t(b) = -4*b + 26. Let z(k) = -26*a(k) + 6*t(k). Determine z(-3).
-6
Let a = 449 + -442. Let x(s) = s**3 - 8*s**2 + 8*s - 7. Determine x(a).
0
Let l(s) = 3*s + 11. Suppose -3*n = -p + 8, -4*p - 13*n + 18*n = -4. Calculate l(p).
-1
Let i(l) be the first derivative of -4*l**3/3 - l**2 - 3*l - 22. Suppose -d - 2*w - 12 = 3*w, 0 = 4*d - 3*w + 2. Determine i(d).
-15
Let y(q) be the third derivative of -q**5/60 - q**4/4 + 11*q**3/6 - q**2 + 4. Determine y(-6).
11
Let u(p) be the third derivative of -p**4/12 - 4*p**3/3 - 20*p**2. Let h(v) = -2*v**2 - 5*v - 3. Let a be h(-3). Give u(a).
4
Suppose 494*n - 90 = 484*n. Let h(v) = -v**3 + 7*v**2 + 13*v - 11. Calculate h(n).
-56
Let r(c) = 26*c - 68. Let v(m) = 9*m - 24. Let b(x) = 4*r(x) - 11*v(x). Calculate b(5).
17
Let f(x) = 3*x - 9. Suppose 3*o + l + 19 = 0, 13*o + 4*l = 12*o + 12. Determine f(o).
-33
Let r(p) = 3*p - 1. Let n = -9 - 3. Let w = 14 + n. Let l(z) = z - 1. Let o(g) = w*l(g) - r(g). Give o(-1).
0
Let d(j) = -4*j**3 - j**2 - 2*j - 1. Suppose -1 = 5*m + 4. Let k be d(m). Let s(u) = u**3 - 9*u**2 + 6*u + 3*u**2 - 1 + u**2. Determine s(k).
7
Let s be (3 - (7/(